ime?
False
Suppose -971350 + 843468 = -62*b + 4698880. Is b a composite number?
True
Suppose 0 = -3*j + 2*j - 2*u + 10, -3*u + 15 = 4*j. Suppose j = 2*i - 7*i + 20, 3*i = -2*n + 310. Is n a composite number?
False
Let b(x) = -4*x**2 - 89*x - 19. Let j be b(-22). Suppose 0 = 3*u + 3*v - 179829, -j*u - 9*v + 179817 = -12*v. Is u composite?
True
Suppose -t = 2, -931 = k + t - 6165. Suppose -13*s + 9727 = -k. Is s composite?
False
Suppose -2*p + 109 - 5 = 0. Let s = 55 - p. Suppose -s*b + 25296 + 2085 = 0. Is b a composite number?
False
Is 1081255/20*(55 - 51) composite?
True
Let j = -1292 + 227. Let k = j + 3992. Is k a prime number?
True
Let v(a) = 2*a + 2. Let p be v(1). Let z be (-194)/p + 3/8*-4. Is 246/(-4)*z/15 a composite number?
True
Let q(s) = s**3 + 4*s**2 + 8*s - 26. Let o(m) = -2*m**3 - 5*m**2 - 7*m + 25. Let x(v) = 3*o(v) + 2*q(v). Is x(-7) a prime number?
True
Is (-14975391)/(-334) + (-10)/(-4) composite?
False
Suppose 5*u + 45 = 2*z, 5*u + z + 45 = -4*z. Let v = u - -47. Suppose v*l = 35*l + 2967. Is l a prime number?
False
Suppose 0 = -5*j + s + 441743 + 142209, -5*j + 2*s + 583959 = 0. Is j a prime number?
True
Let f(o) = o**2 + 7*o + 2. Let m be f(-7). Suppose -45 = -m*z - 5*y + 35, 5*y = -10. Suppose -k = -2*s + 75, z = 2*s - 2*k - 35. Is s prime?
False
Suppose i - 3*k + 13518 = 0, -5*i + k + 3*k = 67579. Let p = -8368 - i. Is p a prime number?
True
Suppose 23*k - 4*k = -14003. Let p = -472 - k. Is p a prime number?
False
Suppose 1603*a = 1610*a - 4420843. Is a a composite number?
False
Suppose 0 = 4454*q - 4447*q - 2874319. Is q a composite number?
False
Let n(h) = -9*h + 27*h**2 - 9*h + 23 - 6 + 23. Is n(-19) composite?
True
Let l(f) be the second derivative of -77*f**3/6 - 19*f**2/2 - 25*f. Suppose -6*w - 62 = -2. Is l(w) a prime number?
True
Suppose 0 = 7*i + 16*i - 7360. Let z = i + 35. Is z a prime number?
False
Suppose -t + 31 = 28. Let g be (-4)/(-1) + -5 + t. Suppose g*w - 4*w + 710 = 0. Is w a prime number?
False
Let u = -31 + 33. Let o(t) = t + 4*t - 59 - t**u - 55*t. Is o(-26) a composite number?
True
Let z = -1 - -4. Let r be 1 + 2 - 1*z. Is 0/(-1) + (r - 78)/(-2) composite?
True
Let o(t) = 2*t**3 - 4*t**2 + t + 3. Let b be o(2). Suppose b*j = -5*n - 50, -3*j + 2*j - 22 = 4*n. Is (2 + 1)/(-9) - 14000/j a prime number?
True
Suppose 14*w - 21 = 21. Suppose -n = -w*j - 413, n = 3*j + j + 410. Is n composite?
True
Let p(d) = -3*d + 18. Let x be p(5). Suppose -2296 = x*c - 10558. Suppose 3*g - 4149 = -3*t, 2*g = 3*t + t + c. Is g prime?
True
Let v be (-6)/(-42) - 28558/(-14). Suppose -3*a = -213 - v. Is a a prime number?
True
Let d = -76 - 180. Suppose 0 = -4*t - 222 - 462. Let h = t - d. Is h a composite number?
True
Suppose -4*a = 3*d - 62408, 5*a - 4*d = 59180 + 18799. Suppose 362 - a = -9*j. Is j composite?
False
Let l be (-4 + 19)*(-3)/9. Let q be -8*((-2)/l)/(36/(-45)). Suppose -q*s + 6*s - 1346 = 0. Is s a prime number?
True
Let a be 746/4*(-1 + -13). Let t = 552 - a. Is t a prime number?
True
Suppose 89*r + 259736 = 91*r - 2*b, -5*r + 649335 = -4*b. Is r a composite number?
True
Let j(o) = -482*o**3 - 4*o**2 - 11*o - 27 + 0*o**2 + 24. Is j(-2) a composite number?
True
Let u(t) = -31*t - 82. Let s(j) = -3*j**2 + 20*j - 1. Let x be s(8). Is u(x) composite?
False
Is ((-157355)/25 + -12)/(1/5*-1) composite?
False
Suppose -1 = 5*z - 16. Suppose 38 + 43 = z*j. Is 18/j + ((-3477)/(-9) - -2) prime?
True
Let h(v) = v**2 + v - 80. Let i be h(9). Suppose 2*n - 5356 = 8*o - i*o, 2*n - 13399 = -5*o. Is o composite?
True
Suppose -1914254 = -8*d - 3*u - 386422, 572937 = 3*d + 4*u. Is d prime?
True
Let w(l) = 10*l**3 - 16*l**2 + 136*l - 55. Is w(14) a composite number?
False
Suppose -84429 + 1509338 = 59*o. Is o prime?
True
Suppose -p - 3*p + 7104 = 0. Suppose 2*l + 2960 = 5*i, -4*l = -3*i - 2*l + p. Let u = i + -299. Is u a prime number?
True
Is (-16946 - -1)*10287/(-405) a prime number?
False
Let v(z) = -181*z + 139. Let p be v(-6). Let y = -248 + p. Is y composite?
False
Is 384/(-16) - -753092 - -11 composite?
False
Suppose 4*j = -3*f + 1, 8 = -16*j + 12*j. Suppose 4110 = f*s + 993. Is s a prime number?
True
Let l = 355547 - 35530. Is l a prime number?
False
Let a(i) = 12842*i**2 + 20*i + 8. Let p be a(4). Is (0 - 1) + (-7)/((-70)/p) a prime number?
False
Is (-301640)/(-16)*30/25 prime?
False
Suppose -7*m + 9 = -4*m. Suppose -2*d - 5*a - 27 = -8, -2*a - 1 = m*d. Suppose -389 = -3*z - 4*n, n + n + 359 = d*z. Is z prime?
False
Suppose -v = 4*v + s - 175505, 2*v = -4*s + 70202. Is v a composite number?
True
Let s(o) = 5*o - 812. Let w be s(0). Let d = 1035 - w. Is d a composite number?
False
Let v(y) = -199*y**2 - 25*y - 17. Let x(w) = 33*w**2 + 4*w + 3. Let h(g) = -6*v(g) - 34*x(g). Let f be h(-5). Suppose -3*a + f = -2947. Is a composite?
False
Suppose -23*h + 54 + 38 = 0. Suppose -h*k = i - 19826, -4*i = 2 + 6. Is k a prime number?
True
Let n(k) = -9*k**3 + 63*k**2 + 83*k - 6. Is n(-13) a prime number?
False
Suppose 0*c - 595 = -5*c. Let n(g) = 6*g + c*g - 29 - 33*g. Is n(9) composite?
True
Suppose 2*q + 2*a - 589956 - 757336 = 0, 2*q - 3*a = 1347277. Is q prime?
True
Suppose 0 = 33*w - 13*w - 555700. Is w a prime number?
False
Let s = 190 + -187. Suppose -5*q - 188677 = -7*q - 3*i, -283020 = -3*q - s*i. Is q a prime number?
True
Suppose 2*j + 1 = -3*r, 6 = -5*j - 2*r - 2. Let f be (-2 - -3)/(1/22*j). Let u(c) = 58*c**2 - 3*c + 18. Is u(f) a composite number?
False
Let s(r) = 11*r + 44. Let k be s(-4). Suppose 2*c + 5*j - 2328 = 0, k = j - 4 + 6. Is c a composite number?
True
Suppose 2*v - 89434 = -3*z, -2*z = -5*v - 267 + 223814. Is v composite?
False
Let z be ((-4)/8)/(27581/9194 - 3). Suppose f = 2*f - z. Is f prime?
True
Let z = 520 + -237. Suppose 2*i + 5*r - 107 = 0, 5*i + 5*r - 36 - 269 = 0. Let t = z - i. Is t a prime number?
False
Suppose 344 = 10*u + 1394. Is (-2)/(-21) + (-171455)/u composite?
True
Let a = 12889 + -10308. Is a a composite number?
True
Let a(w) = -124*w**3 + 2*w**2 - 45*w - 20. Is a(-6) a composite number?
True
Let d be 1316/9 + 8/(-36). Let r(t) = -t**3 + 8*t**2 + t - 16. Let u be r(9). Let k = u + d. Is k a composite number?
True
Suppose 40*k + 3*q = 39*k + 26172, 3*q - 104661 = -4*k. Suppose 67534 = 43*f - k. Is f a composite number?
False
Is 6 + 45835372/132 + (-4)/6 prime?
False
Let x(i) = 3736*i**2 - 4. Let j be x(-2). Let o = j + -8471. Is o a prime number?
True
Let s(w) = 497*w**2 + 27*w - 29. Let v be s(12). Suppose 7*t - 2*p = 4*t + v, -23961 = -t - p. Is t prime?
True
Let l(q) = q**2 - 11*q + 5. Let c be l(10). Is 18/15*c/2 - -5348 a prime number?
False
Suppose -4*u - 2*g + 99 + 49 = 0, 2*g = 4*u - 148. Let v = -35 + u. Is v + -1329*(-5)/15 composite?
True
Suppose 2*o + 24 = -4*p, 14*o = 4*p + 18*o + 32. Let y(z) = -43*z - 53. Is y(p) a prime number?
False
Suppose -2*m = 4*x - 257954, 171*m - x = 174*m - 386911. Is m a composite number?
False
Let n be 0 + -2 + 4 + 5. Let h be 14*10 + 14/n. Let w = 561 - h. Is w prime?
True
Suppose 4*o - 2*r - 5454 = 0, -20*o + 19*o + 1361 = 2*r. Is o a prime number?
False
Let s = -461438 - -664903. Is s a prime number?
False
Suppose -60*y = -158906 - 417214. Suppose 5*o = -l + 9*o + 9607, 0 = -l + 3*o + y. Is l a prime number?
True
Let i = 5646 - 3379. Is i composite?
False
Is (34 - -1633)/(7/329) a composite number?
True
Suppose 4*f - i = -2*i + 3043033, -2*i + 2282271 = 3*f. Is f prime?
True
Let b be 3 - (12/16 + 5290/8). Let h be -1 + (24/8 - b*5). Suppose o + 6*o = h. Is o prime?
False
Let z(t) = 2652*t + 215. Is z(6) prime?
True
Suppose 25*g - 21*g - 5*u = 282742, -4*g + 282754 = -3*u. Is g composite?
True
Let l be (-22544)/(-10) - 24/60. Suppose g = -5*w - 2*g + 2258, l = 5*w - g. Is w a composite number?
True
Suppose 0 = 13*u + 159 + 478. Let d be -2 + (-3)/(-2) + u/14. Is 21096/(-96)*d/3 a composite number?
False
Let t = 124141 + -73308. Is t a prime number?
True
Let r(w) = -w**3 + 6*w**2 - 5*w. Let m(i) = -i**3 + i**2 + 1. Let p(b) = -2*m(b) + r(b). Let f be p(-5). Is ((-1628)/8)/(f/4) a composite number?
True
Let d(b) = -b**3 + 110*b**2 - 4*b + 176629. Is d(0) a prime number?
True
Let t(h) = -12*h**2 - 6*h. Let s be t(-4). Let q = s + 77. Let w = -32 - q. Is w composite?
False
Let i be 120/(-210) - (-3)/(-7). Let z(t) = -18*t**2 + 2*t. Let